{"id":130,"date":"2017-05-29T20:35:28","date_gmt":"2017-05-29T20:35:28","guid":{"rendered":"http:\/\/inadi.gob.hn\/sitio\/?page_id=130"},"modified":"2023-05-18T15:34:36","modified_gmt":"2023-05-18T21:34:36","slug":"cartera-de-servicios","status":"publish","type":"page","link":"https:\/\/inadi.gob.hn\/sitio\/cartera-de-servicios\/","title":{"rendered":"CARTERA DE SERVICIOS"},"content":{"rendered":"<h2><\/h2>\n<table class=\" aligncenter\" style=\"width: 71.124%; height: 1196px;\">\n<tbody>\n<tr>\n<td style=\"width: 100%;\">\n<p style=\"text-align: justify;\"><span style=\"font-size: 14pt; font-family: trajan-pro;\">El Instituto Nacional del Diabetico, se ha convertido en una gran oportunidad para guardar la salud de los pacientes con Diabetes que demandan atenci\u00f3n m\u00e9dica especializada en esta rama, por tal raz\u00f3n, tanto nuestros usuarios como empleados debemos cuidarla y fortalecer para no defraudar el ideal para lo que fue concebido.<\/span><\/p>\n<p style=\"text-align: justify;\"><span style=\"font-size: 14pt; font-family: trajan-pro;\">Somos y continuaremos siendo el Instituto modelo, amigable y seguro. Avanzamos hacia la excelencia ofreciendo a trav\u00e9s de nuestra cartera de servicios, m\u00e9dicos de calidad que garantizan seguridad en la atenci\u00f3n de nuestros pacientes.<\/span><\/p>\n<p style=\"text-align: justify;\"><span style=\"font-size: 14pt; font-family: trajan-pro;\">Nos comprometemos a entregar nuestros conocimientos y poner al servicio de nuestros pacientes los adelantos m\u00e9dicos que garanticen el logro m\u00e1s esperado como ser la conservaci\u00f3n de la salud y la lucha contra la enfermedad.<\/span><\/p>\n<p style=\"text-align: justify;\"><span style=\"font-size: 14pt; font-family: trajan-pro;\">A continuaci\u00f3n les presentamos nuestra cartera de servicios y nuestra lista de profesionales m\u00e9dicos que est\u00e1n dispuestos a brindarles la mejor atenci\u00f3n posible.<\/span><\/p>\n<\/td>\n<\/tr>\n<tr>\n<td style=\"width: 100%;\">\n<p style=\"padding-left: 40px; text-align: left;\"><span style=\"font-size: 14pt;\"><strong><span style=\"font-family: trajan-pro;\">Servicio de Atenciones M\u00e9dicas<\/span><\/strong><\/span><\/p>\n<ul style=\"text-align: left;\">\n<li style=\"list-style-type: none;\">\n<ul>\n<li style=\"list-style-type: none;\">\n<ul>\n<li><span style=\"font-size: 14pt;\"><strong><span style=\"font-family: trajan-pro; color: #000000;\">Medicina Interna<\/span><\/strong><\/span><\/li>\n<li><span style=\"font-size: 14pt;\"><strong><span style=\"color: #000000;\">Medicina General<\/span><\/strong><\/span><\/li>\n<li><span style=\"font-size: 14pt;\"><strong><span style=\"font-family: trajan-pro; color: #000000;\">Oftalmolog\u00eda<\/span><\/strong><\/span><\/li>\n<li><span style=\"font-size: 14pt;\"><strong><span style=\"font-family: trajan-pro; color: #000000;\">Nutrici\u00f3n<\/span><\/strong><\/span><\/li>\n<li><span style=\"font-size: 14pt;\"><strong><span style=\"color: #000000;\">Psicolog\u00eda<\/span><\/strong><\/span><\/li>\n<\/ul>\n<\/li>\n<\/ul>\n<\/li>\n<\/ul>\n<p style=\"padding-left: 40px; text-align: left;\"><span style=\"font-size: 14pt;\"><strong><span style=\"font-family: trajan-pro;\">Servicios de Atenciones No Medicas<\/span><\/strong><\/span><\/p>\n<ul style=\"text-align: left;\">\n<li style=\"list-style-type: none;\">\n<ul>\n<li style=\"list-style-type: none;\">\n<ul>\n<li><span style=\"color: #000000; font-size: 14pt;\"><strong><span style=\"font-family: trajan-pro;\">Odontolog\u00eda<\/span><\/strong><\/span><\/li>\n<li><span style=\"color: #000000; font-size: 14pt;\"><strong><span style=\"font-family: trajan-pro;\">Cl\u00ednica del Pie<\/span><\/strong><\/span><\/li>\n<li><span style=\"color: #000000; font-size: 14pt;\"><strong><span style=\"font-family: trajan-pro;\">Terapia Funcional y Rehabilitaci\u00f3n<\/span><\/strong><\/span><\/li>\n<\/ul>\n<\/li>\n<\/ul>\n<\/li>\n<\/ul>\n<p style=\"padding-left: 40px; text-align: left;\"><span style=\"font-size: 14pt;\"><strong><span style=\"font-family: trajan-pro;\">Servicios No M\u00e9dicos<\/span><\/strong><\/span><\/p>\n<ul>\n<li style=\"list-style-type: none;\">\n<ul>\n<li style=\"list-style-type: none;\">\n<ul>\n<li style=\"text-align: left;\"><span style=\"color: #000000; font-size: 14pt;\"><strong><span style=\"font-family: trajan-pro;\">Precl\u00ednica<\/span><\/strong><\/span><\/li>\n<li style=\"text-align: left;\"><span style=\"color: #000000; font-size: 14pt;\"><strong><span style=\"font-family: trajan-pro;\">Toma de Glucometr\u00eda<\/span><\/strong><\/span><\/li>\n<li style=\"text-align: left;\"><span style=\"color: #000000; font-size: 14pt;\"><strong><span style=\"font-family: trajan-pro;\">Compensaci\u00f3n de Pacientes en \u00e1rea de urgencias<\/span><\/strong><\/span><\/li>\n<li style=\"text-align: left;\"><span style=\"color: #000000; font-size: 14pt;\"><strong><span style=\"font-family: trajan-pro;\">Realizaci\u00f3n de electrocardiogramas<\/span><\/strong><\/span><\/li>\n<li style=\"text-align: left;\"><span style=\"color: #000000; font-size: 14pt;\"><strong><span style=\"font-family: trajan-pro;\">Extensi\u00f3n de recetas<\/span><\/strong><\/span><\/li>\n<li style=\"text-align: left;\"><span style=\"color: #000000; font-size: 14pt;\"><strong><span style=\"font-family: trajan-pro;\">Farmacia<\/span><\/strong><\/span><\/li>\n<\/ul>\n<\/li>\n<\/ul>\n<\/li>\n<\/ul>\n<p>&nbsp;<\/p>\n<p><img data-recalc-dims=\"1\" loading=\"lazy\" decoding=\"async\" data-attachment-id=\"2705\" data-permalink=\"https:\/\/inadi.gob.hn\/sitio\/cartera-de-servicios\/soy-inadi-2\/\" data-orig-file=\"https:\/\/i0.wp.com\/inadi.gob.hn\/sitio\/wp-content\/uploads\/2023\/05\/soy-inadi-scaled.jpg?fit=2560%2C480&amp;ssl=1\" data-orig-size=\"2560,480\" data-comments-opened=\"1\" data-image-meta=\"{&quot;aperture&quot;:&quot;0&quot;,&quot;credit&quot;:&quot;Lacayo Bermudez&quot;,&quot;camera&quot;:&quot;&quot;,&quot;caption&quot;:&quot;&quot;,&quot;created_timestamp&quot;:&quot;1684419023&quot;,&quot;copyright&quot;:&quot;&quot;,&quot;focal_length&quot;:&quot;0&quot;,&quot;iso&quot;:&quot;0&quot;,&quot;shutter_speed&quot;:&quot;0&quot;,&quot;title&quot;:&quot;&quot;,&quot;orientation&quot;:&quot;0&quot;}\" data-image-title=\"soy inadi\" data-image-description=\"\" data-image-caption=\"\" data-large-file=\"https:\/\/i0.wp.com\/inadi.gob.hn\/sitio\/wp-content\/uploads\/2023\/05\/soy-inadi-scaled.jpg?fit=640%2C120&amp;ssl=1\" class=\"alignnone size-full wp-image-2705\" src=\"https:\/\/i0.wp.com\/inadi.gob.hn\/sitio\/wp-content\/uploads\/2023\/05\/soy-inadi-scaled.jpg?resize=640%2C120&#038;ssl=1\" alt=\"\" width=\"640\" height=\"120\" srcset=\"https:\/\/i0.wp.com\/inadi.gob.hn\/sitio\/wp-content\/uploads\/2023\/05\/soy-inadi-scaled.jpg?w=2560&amp;ssl=1 2560w, https:\/\/i0.wp.com\/inadi.gob.hn\/sitio\/wp-content\/uploads\/2023\/05\/soy-inadi-scaled.jpg?resize=300%2C56&amp;ssl=1 300w, https:\/\/i0.wp.com\/inadi.gob.hn\/sitio\/wp-content\/uploads\/2023\/05\/soy-inadi-scaled.jpg?resize=1024%2C192&amp;ssl=1 1024w, https:\/\/i0.wp.com\/inadi.gob.hn\/sitio\/wp-content\/uploads\/2023\/05\/soy-inadi-scaled.jpg?resize=768%2C144&amp;ssl=1 768w, https:\/\/i0.wp.com\/inadi.gob.hn\/sitio\/wp-content\/uploads\/2023\/05\/soy-inadi-scaled.jpg?resize=1536%2C288&amp;ssl=1 1536w, https:\/\/i0.wp.com\/inadi.gob.hn\/sitio\/wp-content\/uploads\/2023\/05\/soy-inadi-scaled.jpg?resize=2048%2C384&amp;ssl=1 2048w, https:\/\/i0.wp.com\/inadi.gob.hn\/sitio\/wp-content\/uploads\/2023\/05\/soy-inadi-scaled.jpg?resize=400%2C75&amp;ssl=1 400w, https:\/\/i0.wp.com\/inadi.gob.hn\/sitio\/wp-content\/uploads\/2023\/05\/soy-inadi-scaled.jpg?w=1280&amp;ssl=1 1280w, https:\/\/i0.wp.com\/inadi.gob.hn\/sitio\/wp-content\/uploads\/2023\/05\/soy-inadi-scaled.jpg?w=1920&amp;ssl=1 1920w\" sizes=\"auto, (max-width: 640px) 100vw, 640px\" \/><\/p>\n<p>&nbsp;<\/td>\n<\/tr>\n<\/tbody>\n<\/table>\n","protected":false},"excerpt":{"rendered":"<p>El Instituto Nacional del Diabetico, se ha convertido en una gran oportunidad para guardar la salud de los pacientes con Diabetes que demandan atenci\u00f3n m\u00e9dica especializada en esta rama, por tal raz\u00f3n, tanto nuestros usuarios como empleados debemos cuidarla y fortalecer para no defraudar el ideal para lo que fue concebido. Somos y continuaremos siendo [&hellip;]<\/p>\n","protected":false},"author":1,"featured_media":0,"parent":0,"menu_order":0,"comment_status":"closed","ping_status":"closed","template":"","meta":{"_bbp_topic_count":0,"_bbp_reply_count":0,"_bbp_total_topic_count":0,"_bbp_total_reply_count":0,"_bbp_voice_count":0,"_bbp_anonymous_reply_count":0,"_bbp_topic_count_hidden":0,"_bbp_reply_count_hidden":0,"_bbp_forum_subforum_count":0,"_monsterinsights_skip_tracking":false,"_monsterinsights_sitenote_active":false,"_monsterinsights_sitenote_note":"","_monsterinsights_sitenote_category":0,"jetpack_post_was_ever_published":false,"footnotes":""},"class_list":["post-130","page","type-page","status-publish","hentry"],"aioseo_notices":[],"jetpack_sharing_enabled":true,"jetpack_shortlink":"https:\/\/wp.me\/P9ciV2-26","jetpack_likes_enabled":true,"jetpack-related-posts":[{"id":362,"url":"https:\/\/inadi.gob.hn\/sitio\/guia-para-pacientes\/","url_meta":{"origin":130,"position":0},"title":"GU\u00cdA PARA PACIENTES","author":"admin","date":"31 mayo, 2017","format":false,"excerpt":"\u00a0 Preguntas Frecuentes A continuaci\u00f3n respondemos algunas de las preguntas m\u00e1s comunes realizadas por nuestros pacientes \u00a0 1. Un familiar tiene Diabetes y quiero llevarla a consulta al instituto, \u00bfQu\u00e9 debo hacer? Su familiar debe traer al instituto una referencia medica donde confirme que padece diabetes y tiene que solicitar\u2026","rel":"","context":"Entrada similar","block_context":{"text":"Entrada similar","link":""},"img":{"alt_text":"","src":"https:\/\/i0.wp.com\/inadi.gob.hn\/sitio\/wp-content\/uploads\/2023\/05\/soy-inadi-scaled.jpg?resize=350%2C200&ssl=1","width":350,"height":200,"srcset":"https:\/\/i0.wp.com\/inadi.gob.hn\/sitio\/wp-content\/uploads\/2023\/05\/soy-inadi-scaled.jpg?resize=350%2C200&ssl=1 1x, https:\/\/i0.wp.com\/inadi.gob.hn\/sitio\/wp-content\/uploads\/2023\/05\/soy-inadi-scaled.jpg?resize=525%2C300&ssl=1 1.5x, https:\/\/i0.wp.com\/inadi.gob.hn\/sitio\/wp-content\/uploads\/2023\/05\/soy-inadi-scaled.jpg?resize=700%2C400&ssl=1 2x, https:\/\/i0.wp.com\/inadi.gob.hn\/sitio\/wp-content\/uploads\/2023\/05\/soy-inadi-scaled.jpg?resize=1050%2C600&ssl=1 3x, https:\/\/i0.wp.com\/inadi.gob.hn\/sitio\/wp-content\/uploads\/2023\/05\/soy-inadi-scaled.jpg?resize=1400%2C800&ssl=1 4x"},"classes":[]},{"id":172,"url":"https:\/\/inadi.gob.hn\/sitio\/capacitaciones\/","url_meta":{"origin":130,"position":1},"title":"CAPACITACIONES","author":"admin","date":"30 mayo, 2017","format":false,"excerpt":"\u00a0 La DESINFORMACI\u00d3N es una de las principales causas de la #diabetes y otras enfermedades. Bajo lineamientos del Presidente Juan Orlando Hern\u00e1ndez y la Directora del Instituto, la Dra. Johana Bermudez , damos voz a nuestros pacientes para que expongan sus dudas acerca de la enfermedad y otras complicaciones para\u2026","rel":"","context":"Entrada similar","block_context":{"text":"Entrada similar","link":""},"img":{"alt_text":"","src":"https:\/\/i0.wp.com\/inadi.gob.hn\/sitio\/wp-content\/uploads\/2017\/05\/Imagen1-300x237.jpg?resize=350%2C200","width":350,"height":200},"classes":[]},{"id":120,"url":"https:\/\/inadi.gob.hn\/sitio\/director-instituto-nacional-del-diabetico\/","url_meta":{"origin":130,"position":2},"title":"DIRECTOR INSTITUTO NACIONAL DEL DIABETICO","author":"admin","date":"29 mayo, 2017","format":false,"excerpt":"\u00a0 \"Nuestra misi\u00f3n es prevenir la diabetes y evitar la aparici\u00f3n de nuevos casos, al igual que brindar una atenci\u00f3n de calidad y calidez a nuestros pacientes, bajo lineamientos del Presidente Juan Orlando Hern\u00e1ndez que se preocupa por la salud del pueblo hondure\u00f1o. Queremos una Honduras m\u00e1s saludable, libre de\u2026","rel":"","context":"Entrada similar","block_context":{"text":"Entrada similar","link":""},"img":{"alt_text":"","src":"https:\/\/i0.wp.com\/inadi.gob.hn\/sitio\/wp-content\/uploads\/2023\/05\/soy-inadi-1024x192.jpg?resize=350%2C200&ssl=1","width":350,"height":200,"srcset":"https:\/\/i0.wp.com\/inadi.gob.hn\/sitio\/wp-content\/uploads\/2023\/05\/soy-inadi-1024x192.jpg?resize=350%2C200&ssl=1 1x, https:\/\/i0.wp.com\/inadi.gob.hn\/sitio\/wp-content\/uploads\/2023\/05\/soy-inadi-1024x192.jpg?resize=525%2C300&ssl=1 1.5x"},"classes":[]},{"id":1921,"url":"https:\/\/inadi.gob.hn\/sitio\/octubre-mes-de-sensibilizacion-sobre-el-cancer-de-mama\/","url_meta":{"origin":130,"position":3},"title":"Octubre: Mes de Sensibilizaci\u00f3n sobre el C\u00e1ncer de Mama","author":"Sendy Avila","date":"1 octubre, 2020","format":false,"excerpt":"El Mes de Sensibilizaci\u00f3n sobre el C\u00e1ncer de Mama, que se celebra en todo el mundo cada mes de octubre, contribuye a aumentar la atenci\u00f3n y el apoyo prestados a la sensibilizaci\u00f3n, la detecci\u00f3n precoz, el tratamiento y los cuidados paliativos. Cada a\u00f1o se producen 1,38 millones de nuevos casos\u2026","rel":"","context":"Entrada similar","block_context":{"text":"Entrada similar","link":""},"img":{"alt_text":"","src":"https:\/\/i0.wp.com\/inadi.gob.hn\/sitio\/wp-content\/uploads\/2020\/10\/Banner-22.1-300x167.jpg?resize=350%2C200&ssl=1","width":350,"height":200},"classes":[]},{"id":1938,"url":"https:\/\/inadi.gob.hn\/sitio\/dia-mundial-de-la-vision-esperanza-a-la-vista\/","url_meta":{"origin":130,"position":4},"title":"D\u00eda Mundial de la Visi\u00f3n  \u00abEsperanza a la vista\u00bb","author":"Sendy Avila","date":"8 octubre, 2020","format":false,"excerpt":"Cada segundo jueves del mes de octubre se conmemora el D\u00eda Mundial de la Visi\u00f3n. En 2020, este d\u00eda ha ca\u00eddo el 8 de octubre. Seg\u00fan datos de la OMS, 2.200 millones de personas tienen alg\u00fan tipo de discapacidad visual. Este d\u00eda se conmemora por iniciativa de la Organizaci\u00f3n Mundial\u2026","rel":"","context":"Entrada similar","block_context":{"text":"Entrada similar","link":""},"img":{"alt_text":"","src":"https:\/\/i0.wp.com\/inadi.gob.hn\/sitio\/wp-content\/uploads\/2020\/10\/esperanza-a-la-vista-300x279.jpg?resize=350%2C200&ssl=1","width":350,"height":200},"classes":[]},{"id":30,"url":"https:\/\/inadi.gob.hn\/sitio\/historia\/","url_meta":{"origin":130,"position":5},"title":"HISTORIA","author":"admin","date":"26 mayo, 2017","format":false,"excerpt":"INSTITUTO NACIONAL DEL DIABETICO (INADI) \u00a0 Que el INADI fue creado mediante Decreto Legislativo No. 144-2013 de fecha 5 de octubre de 2013, como una entidad desconcentrada adscrita a la Secretaria de Estado en el Despacho de Salud, la cual funcionar\u00e1 con personalidad Jur\u00eddica y patrimonio propio, autonom\u00eda administrativa presupuestaria\u2026","rel":"","context":"Entrada similar","block_context":{"text":"Entrada similar","link":""},"img":{"alt_text":"","src":"https:\/\/i0.wp.com\/inadi.gob.hn\/sitio\/wp-content\/uploads\/2023\/05\/soy-inadi-scaled.jpg?resize=350%2C200&ssl=1","width":350,"height":200,"srcset":"https:\/\/i0.wp.com\/inadi.gob.hn\/sitio\/wp-content\/uploads\/2023\/05\/soy-inadi-scaled.jpg?resize=350%2C200&ssl=1 1x, https:\/\/i0.wp.com\/inadi.gob.hn\/sitio\/wp-content\/uploads\/2023\/05\/soy-inadi-scaled.jpg?resize=525%2C300&ssl=1 1.5x, https:\/\/i0.wp.com\/inadi.gob.hn\/sitio\/wp-content\/uploads\/2023\/05\/soy-inadi-scaled.jpg?resize=700%2C400&ssl=1 2x, https:\/\/i0.wp.com\/inadi.gob.hn\/sitio\/wp-content\/uploads\/2023\/05\/soy-inadi-scaled.jpg?resize=1050%2C600&ssl=1 3x, https:\/\/i0.wp.com\/inadi.gob.hn\/sitio\/wp-content\/uploads\/2023\/05\/soy-inadi-scaled.jpg?resize=1400%2C800&ssl=1 4x"},"classes":[]}],"_links":{"self":[{"href":"https:\/\/inadi.gob.hn\/sitio\/wp-json\/wp\/v2\/pages\/130","targetHints":{"allow":["GET"]}}],"collection":[{"href":"https:\/\/inadi.gob.hn\/sitio\/wp-json\/wp\/v2\/pages"}],"about":[{"href":"https:\/\/inadi.gob.hn\/sitio\/wp-json\/wp\/v2\/types\/page"}],"author":[{"embeddable":true,"href":"https:\/\/inadi.gob.hn\/sitio\/wp-json\/wp\/v2\/users\/1"}],"replies":[{"embeddable":true,"href":"https:\/\/inadi.gob.hn\/sitio\/wp-json\/wp\/v2\/comments?post=130"}],"version-history":[{"count":14,"href":"https:\/\/inadi.gob.hn\/sitio\/wp-json\/wp\/v2\/pages\/130\/revisions"}],"predecessor-version":[{"id":2709,"href":"https:\/\/inadi.gob.hn\/sitio\/wp-json\/wp\/v2\/pages\/130\/revisions\/2709"}],"wp:attachment":[{"href":"https:\/\/inadi.gob.hn\/sitio\/wp-json\/wp\/v2\/media?parent=130"}],"curies":[{"name":"wp","href":"https:\/\/api.w.org\/{rel}","templated":true}]}}