{"id":369,"date":"2017-05-31T21:48:31","date_gmt":"2017-05-31T21:48:31","guid":{"rendered":"http:\/\/inadi.gob.hn\/sitio\/?page_id=369"},"modified":"2023-05-18T15:17:21","modified_gmt":"2023-05-18T21:17:21","slug":"que-es-la-diabetes","status":"publish","type":"page","link":"https:\/\/inadi.gob.hn\/sitio\/que-es-la-diabetes\/","title":{"rendered":"\u00bfQUE ES LA DIABETES?"},"content":{"rendered":"<p>&nbsp;<\/p>\n<table class=\" aligncenter\" style=\"width: 77.8158%; height: 2922px;\">\n<tbody>\n<tr style=\"height: 438px;\">\n<td style=\"width: 100%; height: 10px;\">\n<h1>\u00bfQu\u00e9 es la Diabetes?<\/h1>\n<h2>Es una enfermedad metab\u00f3lica cr\u00f3nica caracterizada por niveles elevados de glucosa en sangre, se asocia con deficiencia absoluta o relativa de la producci\u00f3n o acci\u00f3n de la insulina.<\/h2>\n<h1><\/h1>\n<\/td>\n<\/tr>\n<tr style=\"height: 400px;\">\n<td style=\"width: 100%; height: 400px;\">\n<h1 style=\"padding-left: 280px;\">S\u00cdNTOMAS DE LA DIABETES<\/h1>\n<p><span style=\"font-size: 14pt;\"> <img data-recalc-dims=\"1\" loading=\"lazy\" decoding=\"async\" data-attachment-id=\"1755\" data-permalink=\"https:\/\/inadi.gob.hn\/sitio\/que-es-la-diabetes\/sintomas\/\" data-orig-file=\"https:\/\/i0.wp.com\/inadi.gob.hn\/sitio\/wp-content\/uploads\/2019\/11\/sintomas.jpeg?fit=537%2C635&amp;ssl=1\" data-orig-size=\"537,635\" data-comments-opened=\"1\" data-image-meta=\"{&quot;aperture&quot;:&quot;0&quot;,&quot;credit&quot;:&quot;&quot;,&quot;camera&quot;:&quot;&quot;,&quot;caption&quot;:&quot;&quot;,&quot;created_timestamp&quot;:&quot;1574155357&quot;,&quot;copyright&quot;:&quot;&quot;,&quot;focal_length&quot;:&quot;0&quot;,&quot;iso&quot;:&quot;0&quot;,&quot;shutter_speed&quot;:&quot;0&quot;,&quot;title&quot;:&quot;&quot;,&quot;orientation&quot;:&quot;1&quot;}\" data-image-title=\"sintomas\" data-image-description=\"\" data-image-caption=\"\" data-medium-file=\"https:\/\/i0.wp.com\/inadi.gob.hn\/sitio\/wp-content\/uploads\/2019\/11\/sintomas.jpeg?fit=254%2C300&amp;ssl=1\" data-large-file=\"https:\/\/i0.wp.com\/inadi.gob.hn\/sitio\/wp-content\/uploads\/2019\/11\/sintomas.jpeg?fit=537%2C635&amp;ssl=1\" class=\"aligncenter wp-image-1755 size-full\" src=\"https:\/\/i0.wp.com\/inadi.gob.hn\/sitio\/wp-content\/uploads\/2019\/11\/sintomas.jpeg?resize=537%2C635&#038;ssl=1\" alt=\"\" width=\"537\" height=\"635\" srcset=\"https:\/\/i0.wp.com\/inadi.gob.hn\/sitio\/wp-content\/uploads\/2019\/11\/sintomas.jpeg?w=537&amp;ssl=1 537w, https:\/\/i0.wp.com\/inadi.gob.hn\/sitio\/wp-content\/uploads\/2019\/11\/sintomas.jpeg?resize=254%2C300&amp;ssl=1 254w, https:\/\/i0.wp.com\/inadi.gob.hn\/sitio\/wp-content\/uploads\/2019\/11\/sintomas.jpeg?resize=400%2C473&amp;ssl=1 400w\" sizes=\"auto, (max-width: 537px) 100vw, 537px\" \/><\/span><\/td>\n<\/tr>\n<tr style=\"height: 451px;\">\n<td style=\"width: 100%; height: 451px;\">\n<h1><span style=\"font-size: 24pt;\">\u00a0<strong><span style=\"font-family: trajan-pro; color: #3366ff;\">Tipos de Diabetes<\/span><\/strong><\/span><\/h1>\n<h2><span style=\"font-size: 14pt; font-family: trajan-pro;\"><b>\u00a0<\/b><span style=\"font-size: 12pt;\">Hay varios tipos de diabetes: entre ellos los m\u00e1s comunes son:<\/span><\/span><\/h2>\n<ul>\n<li>\n<h2><span style=\"font-size: 12pt; font-family: trajan-pro;\">Tipo 1 ( Diabetes juvenil).<\/span><\/h2>\n<\/li>\n<li>\n<h2><span style=\"font-size: 12pt; font-family: trajan-pro;\">Tipo 2 ( Diabetes en la edad adulta y obesidad).<\/span><\/h2>\n<\/li>\n<li>\n<h2><span style=\"font-size: 12pt; font-family: trajan-pro;\">Diabetes gestacional ( Embarazo).<\/span><\/h2>\n<\/li>\n<\/ul>\n<p><span style=\"font-size: 14pt;\"><img data-recalc-dims=\"1\" loading=\"lazy\" decoding=\"async\" data-attachment-id=\"374\" data-permalink=\"https:\/\/inadi.gob.hn\/sitio\/que-es-la-diabetes\/9-2\/\" data-orig-file=\"https:\/\/i0.wp.com\/inadi.gob.hn\/sitio\/wp-content\/uploads\/2017\/05\/9-e1496266985937.jpeg?fit=772%2C486&amp;ssl=1\" data-orig-size=\"772,486\" data-comments-opened=\"1\" data-image-meta=\"{&quot;aperture&quot;:&quot;0&quot;,&quot;credit&quot;:&quot;&quot;,&quot;camera&quot;:&quot;&quot;,&quot;caption&quot;:&quot;&quot;,&quot;created_timestamp&quot;:&quot;0&quot;,&quot;copyright&quot;:&quot;&quot;,&quot;focal_length&quot;:&quot;0&quot;,&quot;iso&quot;:&quot;0&quot;,&quot;shutter_speed&quot;:&quot;0&quot;,&quot;title&quot;:&quot;&quot;,&quot;orientation&quot;:&quot;0&quot;}\" data-image-title=\"9\" data-image-description=\"\" data-image-caption=\"\" data-medium-file=\"https:\/\/i0.wp.com\/inadi.gob.hn\/sitio\/wp-content\/uploads\/2017\/05\/9-e1496266985937.jpeg?fit=300%2C189&amp;ssl=1\" data-large-file=\"https:\/\/i0.wp.com\/inadi.gob.hn\/sitio\/wp-content\/uploads\/2017\/05\/9-e1496266985937.jpeg?fit=640%2C403&amp;ssl=1\" class=\"aligncenter wp-image-374 size-full\" src=\"https:\/\/i0.wp.com\/inadi.gob.hn\/sitio\/wp-content\/uploads\/2017\/05\/9-e1496266985937.jpeg?resize=640%2C403&#038;ssl=1\" alt=\"\" width=\"640\" height=\"403\" srcset=\"https:\/\/i0.wp.com\/inadi.gob.hn\/sitio\/wp-content\/uploads\/2017\/05\/9-e1496266985937.jpeg?w=772&amp;ssl=1 772w, https:\/\/i0.wp.com\/inadi.gob.hn\/sitio\/wp-content\/uploads\/2017\/05\/9-e1496266985937.jpeg?resize=300%2C189&amp;ssl=1 300w, https:\/\/i0.wp.com\/inadi.gob.hn\/sitio\/wp-content\/uploads\/2017\/05\/9-e1496266985937.jpeg?resize=768%2C483&amp;ssl=1 768w, https:\/\/i0.wp.com\/inadi.gob.hn\/sitio\/wp-content\/uploads\/2017\/05\/9-e1496266985937.jpeg?resize=400%2C252&amp;ssl=1 400w\" sizes=\"auto, (max-width: 640px) 100vw, 640px\" \/><\/span><\/p>\n<p><span style=\"font-size: 14pt;\"><b>La mayor\u00eda de las personas padecen el\u00a0 tipo 2<\/b><\/span><\/td>\n<\/tr>\n<tr style=\"height: 660px;\">\n<td style=\"width: 100%; height: 660px;\"><span style=\"font-size: 14pt;\">\u00a0<\/span><span style=\"font-size: 14pt;\"><img data-recalc-dims=\"1\" loading=\"lazy\" decoding=\"async\" data-attachment-id=\"375\" data-permalink=\"https:\/\/inadi.gob.hn\/sitio\/que-es-la-diabetes\/cambiar\/\" data-orig-file=\"https:\/\/i0.wp.com\/inadi.gob.hn\/sitio\/wp-content\/uploads\/2017\/05\/cambiar.png?fit=513%2C407&amp;ssl=1\" data-orig-size=\"513,407\" data-comments-opened=\"1\" data-image-meta=\"{&quot;aperture&quot;:&quot;0&quot;,&quot;credit&quot;:&quot;&quot;,&quot;camera&quot;:&quot;&quot;,&quot;caption&quot;:&quot;&quot;,&quot;created_timestamp&quot;:&quot;0&quot;,&quot;copyright&quot;:&quot;&quot;,&quot;focal_length&quot;:&quot;0&quot;,&quot;iso&quot;:&quot;0&quot;,&quot;shutter_speed&quot;:&quot;0&quot;,&quot;title&quot;:&quot;&quot;,&quot;orientation&quot;:&quot;0&quot;}\" data-image-title=\"cambiar\" data-image-description=\"\" data-image-caption=\"\" data-medium-file=\"https:\/\/i0.wp.com\/inadi.gob.hn\/sitio\/wp-content\/uploads\/2017\/05\/cambiar.png?fit=300%2C238&amp;ssl=1\" data-large-file=\"https:\/\/i0.wp.com\/inadi.gob.hn\/sitio\/wp-content\/uploads\/2017\/05\/cambiar.png?fit=513%2C407&amp;ssl=1\" class=\"wp-image-375 aligncenter\" src=\"https:\/\/i0.wp.com\/inadi.gob.hn\/sitio\/wp-content\/uploads\/2017\/05\/cambiar-300x238.png?resize=313%2C248\" alt=\"\" width=\"313\" height=\"248\" srcset=\"https:\/\/i0.wp.com\/inadi.gob.hn\/sitio\/wp-content\/uploads\/2017\/05\/cambiar.png?resize=300%2C238&amp;ssl=1 300w, https:\/\/i0.wp.com\/inadi.gob.hn\/sitio\/wp-content\/uploads\/2017\/05\/cambiar.png?resize=400%2C317&amp;ssl=1 400w, https:\/\/i0.wp.com\/inadi.gob.hn\/sitio\/wp-content\/uploads\/2017\/05\/cambiar.png?w=513&amp;ssl=1 513w\" sizes=\"auto, (max-width: 313px) 100vw, 313px\" \/><\/span><\/p>\n<p>&nbsp;<\/p>\n<h1 style=\"text-align: justify;\"><span style=\"font-size: 14pt;\"><strong><span style=\"color: #3366ff; font-family: trajan-pro;\">Factores que <span style=\"color: #000000;\">SI<\/span>\u00a0PODEMOS CAMBIAR<\/span><\/strong><\/span><\/h1>\n<ul>\n<li>\n<h2><span style=\"font-size: 14pt; font-family: trajan-pro;\">La obesidad<\/span><\/h2>\n<\/li>\n<li>\n<h2><span style=\"font-size: 14pt; font-family: trajan-pro;\">El tabaquismo<\/span><\/h2>\n<\/li>\n<li>\n<h2><span style=\"font-size: 14pt; font-family: trajan-pro;\">Control de la hipertensi\u00f3n arterial<\/span><\/h2>\n<\/li>\n<li>\n<h2><span style=\"font-size: 14pt; font-family: trajan-pro;\">Verificaci\u00f3n de los niveles de colesterol<\/span><\/h2>\n<\/li>\n<li>\n<h2><span style=\"font-size: 14pt; font-family: trajan-pro;\">El ambiente o entorno en el que nos desenvolvemos y evitar el estr\u00e9s, la ansiedad y la \u00a0depresi\u00f3n.<\/span><\/h2>\n<\/li>\n<\/ul>\n<\/td>\n<\/tr>\n<tr style=\"height: 28px;\">\n<td style=\"width: 100%; height: 28px;\"><\/td>\n<\/tr>\n<\/tbody>\n<\/table>\n","protected":false},"excerpt":{"rendered":"<p>&nbsp; \u00bfQu\u00e9 es la Diabetes? Es una enfermedad metab\u00f3lica cr\u00f3nica caracterizada por niveles elevados de glucosa en sangre, se asocia con deficiencia absoluta o relativa de la producci\u00f3n o acci\u00f3n de la insulina. S\u00cdNTOMAS DE LA DIABETES \u00a0Tipos de Diabetes \u00a0Hay varios tipos de diabetes: entre ellos los m\u00e1s comunes son: Tipo 1 ( Diabetes [&hellip;]<\/p>\n","protected":false},"author":1,"featured_media":0,"parent":0,"menu_order":0,"comment_status":"closed","ping_status":"closed","template":"","meta":{"_bbp_topic_count":0,"_bbp_reply_count":0,"_bbp_total_topic_count":0,"_bbp_total_reply_count":0,"_bbp_voice_count":0,"_bbp_anonymous_reply_count":0,"_bbp_topic_count_hidden":0,"_bbp_reply_count_hidden":0,"_bbp_forum_subforum_count":0,"_monsterinsights_skip_tracking":false,"_monsterinsights_sitenote_active":false,"_monsterinsights_sitenote_note":"","_monsterinsights_sitenote_category":0,"jetpack_post_was_ever_published":false,"footnotes":""},"class_list":["post-369","page","type-page","status-publish","hentry"],"aioseo_notices":[],"jetpack_sharing_enabled":true,"jetpack_shortlink":"https:\/\/wp.me\/P9ciV2-5X","jetpack_likes_enabled":true,"jetpack-related-posts":[{"id":743,"url":"https:\/\/inadi.gob.hn\/sitio\/que-pueden-comer-los-diabeticos-para-cuidar-su-salud\/","url_meta":{"origin":369,"position":0},"title":"\u00bfQu\u00e9 Pueden Comer Los Diab\u00e9ticos Para Cuidar Su Salud?","author":"Sendy Avila","date":"18 mayo, 2023","format":false,"excerpt":"Cuando se es diagnosticado con diabetes, ya sea tipo 1 \u00f3 2, la pregunta com\u00fan que surge es \u00bfqu\u00e9 pueden comer los diab\u00e9ticos? Pues si este es tu caso y quieres saber qu\u00e9 puedes comer, aqu\u00ed encontrar\u00e1s la lista de los alimentos que est\u00e1n permitidos y tambi\u00e9n aprender\u00e1s un poco\u2026","rel":"","context":"Entrada similar","block_context":{"text":"Entrada similar","link":""},"img":{"alt_text":"","src":"https:\/\/i0.wp.com\/inadi.gob.hn\/sitio\/wp-content\/uploads\/2017\/07\/plato-inteligente.azul_.-e1502905064177.jpg?fit=375%2C250&ssl=1&resize=350%2C200","width":350,"height":200},"classes":[]},{"id":1906,"url":"https:\/\/inadi.gob.hn\/sitio\/problemas-del-corazon-asociados-con-la-diabetes\/","url_meta":{"origin":369,"position":1},"title":"Problemas del coraz\u00f3n asociados con la diabetes","author":"Sendy Avila","date":"28 septiembre, 2020","format":false,"excerpt":"Si usted tiene diabetes o prediabetes, presenta un mayor riesgo de enfermedad card\u00edaca relacionada con esta. Las enfermedades card\u00edacas relacionadas con la diabetes pueden ser: enfermedad coronaria, insuficiencia card\u00edaca y cardiomiopat\u00eda diab\u00e9tica. La diabetes por s\u00ed misma lo pone en riesgo de enfermedad card\u00edaca. Otros factores de riesgo incluyen: **Historia\u2026","rel":"","context":"Entrada similar","block_context":{"text":"Entrada similar","link":""},"img":{"alt_text":"","src":"https:\/\/i0.wp.com\/inadi.gob.hn\/sitio\/wp-content\/uploads\/2020\/09\/743e12b2d2a9b2f303ce3784331a6155.png?fit=800%2C800&ssl=1&resize=350%2C200","width":350,"height":200,"srcset":"https:\/\/i0.wp.com\/inadi.gob.hn\/sitio\/wp-content\/uploads\/2020\/09\/743e12b2d2a9b2f303ce3784331a6155.png?fit=800%2C800&ssl=1&resize=350%2C200 1x, https:\/\/i0.wp.com\/inadi.gob.hn\/sitio\/wp-content\/uploads\/2020\/09\/743e12b2d2a9b2f303ce3784331a6155.png?fit=800%2C800&ssl=1&resize=525%2C300 1.5x, https:\/\/i0.wp.com\/inadi.gob.hn\/sitio\/wp-content\/uploads\/2020\/09\/743e12b2d2a9b2f303ce3784331a6155.png?fit=800%2C800&ssl=1&resize=700%2C400 2x"},"classes":[]},{"id":172,"url":"https:\/\/inadi.gob.hn\/sitio\/capacitaciones\/","url_meta":{"origin":369,"position":2},"title":"CAPACITACIONES","author":"admin","date":"30 mayo, 2017","format":false,"excerpt":"\u00a0 La DESINFORMACI\u00d3N es una de las principales causas de la #diabetes y otras enfermedades. Bajo lineamientos del Presidente Juan Orlando Hern\u00e1ndez y la Directora del Instituto, la Dra. Johana Bermudez , damos voz a nuestros pacientes para que expongan sus dudas acerca de la enfermedad y otras complicaciones para\u2026","rel":"","context":"Entrada similar","block_context":{"text":"Entrada similar","link":""},"img":{"alt_text":"","src":"https:\/\/i0.wp.com\/inadi.gob.hn\/sitio\/wp-content\/uploads\/2017\/05\/Imagen1-300x237.jpg?resize=350%2C200","width":350,"height":200},"classes":[]},{"id":362,"url":"https:\/\/inadi.gob.hn\/sitio\/guia-para-pacientes\/","url_meta":{"origin":369,"position":3},"title":"GU\u00cdA PARA PACIENTES","author":"admin","date":"31 mayo, 2017","format":false,"excerpt":"\u00a0 Preguntas Frecuentes A continuaci\u00f3n respondemos algunas de las preguntas m\u00e1s comunes realizadas por nuestros pacientes \u00a0 1. Un familiar tiene Diabetes y quiero llevarla a consulta al instituto, \u00bfQu\u00e9 debo hacer? Su familiar debe traer al instituto una referencia medica donde confirme que padece diabetes y tiene que solicitar\u2026","rel":"","context":"Entrada similar","block_context":{"text":"Entrada similar","link":""},"img":{"alt_text":"","src":"https:\/\/i0.wp.com\/inadi.gob.hn\/sitio\/wp-content\/uploads\/2023\/05\/soy-inadi-scaled.jpg?resize=350%2C200&ssl=1","width":350,"height":200,"srcset":"https:\/\/i0.wp.com\/inadi.gob.hn\/sitio\/wp-content\/uploads\/2023\/05\/soy-inadi-scaled.jpg?resize=350%2C200&ssl=1 1x, https:\/\/i0.wp.com\/inadi.gob.hn\/sitio\/wp-content\/uploads\/2023\/05\/soy-inadi-scaled.jpg?resize=525%2C300&ssl=1 1.5x, https:\/\/i0.wp.com\/inadi.gob.hn\/sitio\/wp-content\/uploads\/2023\/05\/soy-inadi-scaled.jpg?resize=700%2C400&ssl=1 2x, https:\/\/i0.wp.com\/inadi.gob.hn\/sitio\/wp-content\/uploads\/2023\/05\/soy-inadi-scaled.jpg?resize=1050%2C600&ssl=1 3x, https:\/\/i0.wp.com\/inadi.gob.hn\/sitio\/wp-content\/uploads\/2023\/05\/soy-inadi-scaled.jpg?resize=1400%2C800&ssl=1 4x"},"classes":[]},{"id":120,"url":"https:\/\/inadi.gob.hn\/sitio\/director-instituto-nacional-del-diabetico\/","url_meta":{"origin":369,"position":4},"title":"DIRECTOR INSTITUTO NACIONAL DEL DIABETICO","author":"admin","date":"29 mayo, 2017","format":false,"excerpt":"\u00a0 \"Nuestra misi\u00f3n es prevenir la diabetes y evitar la aparici\u00f3n de nuevos casos, al igual que brindar una atenci\u00f3n de calidad y calidez a nuestros pacientes, bajo lineamientos del Presidente Juan Orlando Hern\u00e1ndez que se preocupa por la salud del pueblo hondure\u00f1o. Queremos una Honduras m\u00e1s saludable, libre de\u2026","rel":"","context":"Entrada similar","block_context":{"text":"Entrada similar","link":""},"img":{"alt_text":"","src":"https:\/\/i0.wp.com\/inadi.gob.hn\/sitio\/wp-content\/uploads\/2023\/05\/soy-inadi-1024x192.jpg?resize=350%2C200&ssl=1","width":350,"height":200,"srcset":"https:\/\/i0.wp.com\/inadi.gob.hn\/sitio\/wp-content\/uploads\/2023\/05\/soy-inadi-1024x192.jpg?resize=350%2C200&ssl=1 1x, https:\/\/i0.wp.com\/inadi.gob.hn\/sitio\/wp-content\/uploads\/2023\/05\/soy-inadi-1024x192.jpg?resize=525%2C300&ssl=1 1.5x"},"classes":[]},{"id":142,"url":"https:\/\/inadi.gob.hn\/sitio\/brigadas-medicas\/","url_meta":{"origin":369,"position":5},"title":"BRIGADAS MEDICAS","author":"admin","date":"30 mayo, 2017","format":false,"excerpt":"Nuestra Directora, la Dra. Johana Bermudez y Regi\u00f3n De Salud Cop\u00e1n trabajando juntos por una #Honduras m\u00e1s saludable. Un esfuerzo liderado por el Presidente Juan Orlando Hern\u00e1ndez en su lucha para prevenir las enfermedades cr\u00f3nicas. [soliloquy id=\"154\"] \u00a0 Tomas de presi\u00f3n arterial en el Parque Central de #tegucigalpa , conmemorando\u2026","rel":"","context":"Entrada similar","block_context":{"text":"Entrada similar","link":""},"img":{"alt_text":"","src":"","width":0,"height":0},"classes":[]}],"_links":{"self":[{"href":"https:\/\/inadi.gob.hn\/sitio\/wp-json\/wp\/v2\/pages\/369","targetHints":{"allow":["GET"]}}],"collection":[{"href":"https:\/\/inadi.gob.hn\/sitio\/wp-json\/wp\/v2\/pages"}],"about":[{"href":"https:\/\/inadi.gob.hn\/sitio\/wp-json\/wp\/v2\/types\/page"}],"author":[{"embeddable":true,"href":"https:\/\/inadi.gob.hn\/sitio\/wp-json\/wp\/v2\/users\/1"}],"replies":[{"embeddable":true,"href":"https:\/\/inadi.gob.hn\/sitio\/wp-json\/wp\/v2\/comments?post=369"}],"version-history":[{"count":12,"href":"https:\/\/inadi.gob.hn\/sitio\/wp-json\/wp\/v2\/pages\/369\/revisions"}],"predecessor-version":[{"id":2702,"href":"https:\/\/inadi.gob.hn\/sitio\/wp-json\/wp\/v2\/pages\/369\/revisions\/2702"}],"wp:attachment":[{"href":"https:\/\/inadi.gob.hn\/sitio\/wp-json\/wp\/v2\/media?parent=369"}],"curies":[{"name":"wp","href":"https:\/\/api.w.org\/{rel}","templated":true}]}}