{"id":66,"date":"2017-05-26T15:36:23","date_gmt":"2017-05-26T15:36:23","guid":{"rendered":"http:\/\/inadi.gob.hn\/sitio\/?page_id=66"},"modified":"2023-05-22T08:51:09","modified_gmt":"2023-05-22T14:51:09","slug":"guia","status":"publish","type":"page","link":"https:\/\/inadi.gob.hn\/sitio\/guia\/","title":{"rendered":"GU\u00cdAS MEDICAS"},"content":{"rendered":"<table>\n<tbody>\n<tr>\n<td style=\"text-align: center;\">\n<h2><strong><span style=\"font-family: trajan-pro; color: #88cfe0;\">Descarga Tu Gu\u00eda<\/span><\/strong><\/h2>\n<\/td>\n<\/tr>\n<\/tbody>\n<\/table>\n<table class=\" aligncenter\" style=\"width: 293.25px;\">\n<tbody>\n<tr>\n<td style=\"width: 28px;\"><span style=\"font-size: 14pt;\">1 &#8211;<\/span><\/td>\n<td style=\"width: 261.25px;\"><span style=\"font-size: 14pt; color: #db473c;\"><a style=\"color: #db473c;\" href=\"https:\/\/drive.google.com\/file\/d\/0B-vL4OPGelo4eVdHR3JXa3ZTV0E\/view?usp=sharing\">GPC DMT2<\/a><\/span><\/td>\n<\/tr>\n<tr>\n<td style=\"width: 28px;\"><span style=\"font-size: 14pt;\">2 &#8211;<\/span><\/td>\n<td style=\"width: 261.25px;\"><span style=\"font-size: 14pt; color: #db473c;\"><a style=\"color: #db473c;\" href=\"https:\/\/drive.google.com\/file\/d\/0B-vL4OPGelo4Y3N6X2h5TzFrMFE\/view?usp=sharing\">Gu\u00eda Pacientes con Diabetes<\/a><\/span><\/td>\n<\/tr>\n<tr>\n<td style=\"width: 28px;\"><span style=\"font-size: 14pt;\">3 &#8211;<\/span><\/td>\n<td style=\"width: 261.25px;\"><span style=\"font-size: 14pt; color: #db473c;\"><a style=\"color: #db473c;\" href=\"https:\/\/drive.google.com\/file\/d\/0B-vL4OPGelo4NTBhWkNoUXMyWGM\/view?usp=sharing\">Gu\u00eda Actividad F\u00edsica<\/a><\/span><\/td>\n<\/tr>\n<tr>\n<td style=\"width: 28px;\"><span style=\"font-size: 14pt;\">4 &#8211;<\/span><\/td>\n<td style=\"width: 261.25px;\"><span style=\"font-size: 14pt; color: #db473c;\"><a style=\"color: #db473c;\" href=\"https:\/\/drive.google.com\/file\/d\/0B-vL4OPGelo4eVNtTHZVd2tBWWc\/view?usp=sharing\">Gu\u00eda Alimentaci\u00f3n<\/a><\/span><\/td>\n<\/tr>\n<tr>\n<td style=\"width: 28px;\"><span style=\"font-size: 14pt;\">5 &#8211;<\/span><\/td>\n<td style=\"width: 261.25px;\"><span style=\"font-size: 14pt; color: #db473c;\"><a style=\"color: #db473c;\" href=\"https:\/\/drive.google.com\/file\/d\/0B-vL4OPGelo4YWNKLXByaWEwTDg\/view?usp=sharing\">Material Educativo<\/a><\/span><\/td>\n<\/tr>\n<tr>\n<td style=\"width: 28px;\"><span style=\"font-size: 14pt;\">6 &#8211;<\/span><\/td>\n<td style=\"width: 261.25px;\"><span style=\"font-size: 14pt; color: #db473c;\"><a style=\"color: #db473c;\" href=\"https:\/\/drive.google.com\/file\/d\/0B-vL4OPGelo4d0JDRGduQzlrZGs\/view?usp=sharing\">Bolet\u00edn OPS-OMS 7 abril 2016<\/a><\/span><\/td>\n<\/tr>\n<tr>\n<td style=\"width: 28px;\"><span style=\"font-size: 14pt;\">7 &#8211;<\/span><\/td>\n<td style=\"width: 261.25px;\"><span style=\"font-size: 14pt; color: #db473c;\"><a style=\"color: #db473c;\" href=\"https:\/\/drive.google.com\/file\/d\/0B-vL4OPGelo4dDJJNlBZNmZtYlk\/view?usp=sharing\">OMS Materiales<\/a><\/span><\/td>\n<\/tr>\n<tr>\n<td style=\"width: 28px;\"><\/td>\n<td style=\"width: 261.25px;\"><img data-recalc-dims=\"1\" loading=\"lazy\" decoding=\"async\" data-attachment-id=\"2705\" data-permalink=\"https:\/\/inadi.gob.hn\/sitio\/cartera-de-servicios\/soy-inadi-2\/\" data-orig-file=\"https:\/\/i0.wp.com\/inadi.gob.hn\/sitio\/wp-content\/uploads\/2023\/05\/soy-inadi-scaled.jpg?fit=2560%2C480&amp;ssl=1\" data-orig-size=\"2560,480\" data-comments-opened=\"1\" data-image-meta=\"{&quot;aperture&quot;:&quot;0&quot;,&quot;credit&quot;:&quot;Lacayo Bermudez&quot;,&quot;camera&quot;:&quot;&quot;,&quot;caption&quot;:&quot;&quot;,&quot;created_timestamp&quot;:&quot;1684419023&quot;,&quot;copyright&quot;:&quot;&quot;,&quot;focal_length&quot;:&quot;0&quot;,&quot;iso&quot;:&quot;0&quot;,&quot;shutter_speed&quot;:&quot;0&quot;,&quot;title&quot;:&quot;&quot;,&quot;orientation&quot;:&quot;0&quot;}\" data-image-title=\"soy inadi\" data-image-description=\"\" data-image-caption=\"\" data-large-file=\"https:\/\/i0.wp.com\/inadi.gob.hn\/sitio\/wp-content\/uploads\/2023\/05\/soy-inadi-scaled.jpg?fit=640%2C120&amp;ssl=1\" class=\"aligncenter wp-image-2705 size-medium\" src=\"https:\/\/i0.wp.com\/inadi.gob.hn\/sitio\/wp-content\/uploads\/2023\/05\/soy-inadi.jpg?resize=300%2C56&#038;ssl=1\" alt=\"\" width=\"300\" height=\"56\" srcset=\"https:\/\/i0.wp.com\/inadi.gob.hn\/sitio\/wp-content\/uploads\/2023\/05\/soy-inadi-scaled.jpg?resize=300%2C56&amp;ssl=1 300w, https:\/\/i0.wp.com\/inadi.gob.hn\/sitio\/wp-content\/uploads\/2023\/05\/soy-inadi-scaled.jpg?resize=1024%2C192&amp;ssl=1 1024w, https:\/\/i0.wp.com\/inadi.gob.hn\/sitio\/wp-content\/uploads\/2023\/05\/soy-inadi-scaled.jpg?resize=768%2C144&amp;ssl=1 768w, https:\/\/i0.wp.com\/inadi.gob.hn\/sitio\/wp-content\/uploads\/2023\/05\/soy-inadi-scaled.jpg?resize=1536%2C288&amp;ssl=1 1536w, https:\/\/i0.wp.com\/inadi.gob.hn\/sitio\/wp-content\/uploads\/2023\/05\/soy-inadi-scaled.jpg?resize=2048%2C384&amp;ssl=1 2048w, https:\/\/i0.wp.com\/inadi.gob.hn\/sitio\/wp-content\/uploads\/2023\/05\/soy-inadi-scaled.jpg?resize=400%2C75&amp;ssl=1 400w, https:\/\/i0.wp.com\/inadi.gob.hn\/sitio\/wp-content\/uploads\/2023\/05\/soy-inadi-scaled.jpg?w=1280&amp;ssl=1 1280w, https:\/\/i0.wp.com\/inadi.gob.hn\/sitio\/wp-content\/uploads\/2023\/05\/soy-inadi-scaled.jpg?w=1920&amp;ssl=1 1920w\" sizes=\"auto, (max-width: 300px) 100vw, 300px\" \/><\/td>\n<\/tr>\n<\/tbody>\n<\/table>\n","protected":false},"excerpt":{"rendered":"<p>Descarga Tu Gu\u00eda 1 &#8211; GPC DMT2 2 &#8211; Gu\u00eda Pacientes con Diabetes 3 &#8211; Gu\u00eda Actividad F\u00edsica 4 &#8211; Gu\u00eda Alimentaci\u00f3n 5 &#8211; Material Educativo 6 &#8211; Bolet\u00edn OPS-OMS 7 abril 2016 7 &#8211; OMS Materiales<\/p>\n","protected":false},"author":1,"featured_media":0,"parent":0,"menu_order":0,"comment_status":"closed","ping_status":"closed","template":"","meta":{"_bbp_topic_count":0,"_bbp_reply_count":0,"_bbp_total_topic_count":0,"_bbp_total_reply_count":0,"_bbp_voice_count":0,"_bbp_anonymous_reply_count":0,"_bbp_topic_count_hidden":0,"_bbp_reply_count_hidden":0,"_bbp_forum_subforum_count":0,"_monsterinsights_skip_tracking":false,"_monsterinsights_sitenote_active":false,"_monsterinsights_sitenote_note":"","_monsterinsights_sitenote_category":0,"jetpack_post_was_ever_published":false,"footnotes":""},"class_list":["post-66","page","type-page","status-publish","hentry"],"aioseo_notices":[],"jetpack_sharing_enabled":true,"jetpack_shortlink":"https:\/\/wp.me\/P9ciV2-14","jetpack_likes_enabled":true,"jetpack-related-posts":[{"id":362,"url":"https:\/\/inadi.gob.hn\/sitio\/guia-para-pacientes\/","url_meta":{"origin":66,"position":0},"title":"GU\u00cdA PARA PACIENTES","author":"admin","date":"31 mayo, 2017","format":false,"excerpt":"\u00a0 Preguntas Frecuentes A continuaci\u00f3n respondemos algunas de las preguntas m\u00e1s comunes realizadas por nuestros pacientes \u00a0 1. Un familiar tiene Diabetes y quiero llevarla a consulta al instituto, \u00bfQu\u00e9 debo hacer? Su familiar debe traer al instituto una referencia medica donde confirme que padece diabetes y tiene que solicitar\u2026","rel":"","context":"Entrada similar","block_context":{"text":"Entrada similar","link":""},"img":{"alt_text":"","src":"https:\/\/i0.wp.com\/inadi.gob.hn\/sitio\/wp-content\/uploads\/2023\/05\/soy-inadi-scaled.jpg?resize=350%2C200&ssl=1","width":350,"height":200,"srcset":"https:\/\/i0.wp.com\/inadi.gob.hn\/sitio\/wp-content\/uploads\/2023\/05\/soy-inadi-scaled.jpg?resize=350%2C200&ssl=1 1x, https:\/\/i0.wp.com\/inadi.gob.hn\/sitio\/wp-content\/uploads\/2023\/05\/soy-inadi-scaled.jpg?resize=525%2C300&ssl=1 1.5x, https:\/\/i0.wp.com\/inadi.gob.hn\/sitio\/wp-content\/uploads\/2023\/05\/soy-inadi-scaled.jpg?resize=700%2C400&ssl=1 2x, https:\/\/i0.wp.com\/inadi.gob.hn\/sitio\/wp-content\/uploads\/2023\/05\/soy-inadi-scaled.jpg?resize=1050%2C600&ssl=1 3x, https:\/\/i0.wp.com\/inadi.gob.hn\/sitio\/wp-content\/uploads\/2023\/05\/soy-inadi-scaled.jpg?resize=1400%2C800&ssl=1 4x"},"classes":[]},{"id":130,"url":"https:\/\/inadi.gob.hn\/sitio\/cartera-de-servicios\/","url_meta":{"origin":66,"position":1},"title":"CARTERA DE SERVICIOS","author":"admin","date":"29 mayo, 2017","format":false,"excerpt":"El Instituto Nacional del Diabetico, se ha convertido en una gran oportunidad para guardar la salud de los pacientes con Diabetes que demandan atenci\u00f3n m\u00e9dica especializada en esta rama, por tal raz\u00f3n, tanto nuestros usuarios como empleados debemos cuidarla y fortalecer para no defraudar el ideal para lo que fue\u2026","rel":"","context":"Entrada similar","block_context":{"text":"Entrada similar","link":""},"img":{"alt_text":"","src":"https:\/\/i0.wp.com\/inadi.gob.hn\/sitio\/wp-content\/uploads\/2023\/05\/soy-inadi-scaled.jpg?resize=350%2C200&ssl=1","width":350,"height":200,"srcset":"https:\/\/i0.wp.com\/inadi.gob.hn\/sitio\/wp-content\/uploads\/2023\/05\/soy-inadi-scaled.jpg?resize=350%2C200&ssl=1 1x, https:\/\/i0.wp.com\/inadi.gob.hn\/sitio\/wp-content\/uploads\/2023\/05\/soy-inadi-scaled.jpg?resize=525%2C300&ssl=1 1.5x, https:\/\/i0.wp.com\/inadi.gob.hn\/sitio\/wp-content\/uploads\/2023\/05\/soy-inadi-scaled.jpg?resize=700%2C400&ssl=1 2x, https:\/\/i0.wp.com\/inadi.gob.hn\/sitio\/wp-content\/uploads\/2023\/05\/soy-inadi-scaled.jpg?resize=1050%2C600&ssl=1 3x, https:\/\/i0.wp.com\/inadi.gob.hn\/sitio\/wp-content\/uploads\/2023\/05\/soy-inadi-scaled.jpg?resize=1400%2C800&ssl=1 4x"},"classes":[]},{"id":142,"url":"https:\/\/inadi.gob.hn\/sitio\/brigadas-medicas\/","url_meta":{"origin":66,"position":2},"title":"BRIGADAS MEDICAS","author":"admin","date":"30 mayo, 2017","format":false,"excerpt":"Nuestra Directora, la Dra. Johana Bermudez y Regi\u00f3n De Salud Cop\u00e1n trabajando juntos por una #Honduras m\u00e1s saludable. Un esfuerzo liderado por el Presidente Juan Orlando Hern\u00e1ndez en su lucha para prevenir las enfermedades cr\u00f3nicas. [soliloquy id=\"154\"] \u00a0 Tomas de presi\u00f3n arterial en el Parque Central de #tegucigalpa , conmemorando\u2026","rel":"","context":"Entrada similar","block_context":{"text":"Entrada similar","link":""},"img":{"alt_text":"","src":"","width":0,"height":0},"classes":[]},{"id":369,"url":"https:\/\/inadi.gob.hn\/sitio\/que-es-la-diabetes\/","url_meta":{"origin":66,"position":3},"title":"\u00bfQUE ES LA DIABETES?","author":"admin","date":"31 mayo, 2017","format":false,"excerpt":"\u00a0 \u00bfQu\u00e9 es la Diabetes? Es una enfermedad metab\u00f3lica cr\u00f3nica caracterizada por niveles elevados de glucosa en sangre, se asocia con deficiencia absoluta o relativa de la producci\u00f3n o acci\u00f3n de la insulina. S\u00cdNTOMAS DE LA DIABETES \u00a0Tipos de Diabetes \u00a0Hay varios tipos de diabetes: entre ellos los m\u00e1s comunes\u2026","rel":"","context":"Entrada similar","block_context":{"text":"Entrada similar","link":""},"img":{"alt_text":"","src":"https:\/\/i0.wp.com\/inadi.gob.hn\/sitio\/wp-content\/uploads\/2019\/11\/sintomas.jpeg?resize=350%2C200&ssl=1","width":350,"height":200,"srcset":"https:\/\/i0.wp.com\/inadi.gob.hn\/sitio\/wp-content\/uploads\/2019\/11\/sintomas.jpeg?resize=350%2C200&ssl=1 1x, https:\/\/i0.wp.com\/inadi.gob.hn\/sitio\/wp-content\/uploads\/2019\/11\/sintomas.jpeg?resize=525%2C300&ssl=1 1.5x"},"classes":[]},{"id":743,"url":"https:\/\/inadi.gob.hn\/sitio\/que-pueden-comer-los-diabeticos-para-cuidar-su-salud\/","url_meta":{"origin":66,"position":4},"title":"\u00bfQu\u00e9 Pueden Comer Los Diab\u00e9ticos Para Cuidar Su Salud?","author":"Sendy Avila","date":"18 mayo, 2023","format":false,"excerpt":"Cuando se es diagnosticado con diabetes, ya sea tipo 1 \u00f3 2, la pregunta com\u00fan que surge es \u00bfqu\u00e9 pueden comer los diab\u00e9ticos? Pues si este es tu caso y quieres saber qu\u00e9 puedes comer, aqu\u00ed encontrar\u00e1s la lista de los alimentos que est\u00e1n permitidos y tambi\u00e9n aprender\u00e1s un poco\u2026","rel":"","context":"Entrada similar","block_context":{"text":"Entrada similar","link":""},"img":{"alt_text":"","src":"https:\/\/i0.wp.com\/inadi.gob.hn\/sitio\/wp-content\/uploads\/2017\/07\/plato-inteligente.azul_.-e1502905064177.jpg?fit=375%2C250&ssl=1&resize=350%2C200","width":350,"height":200},"classes":[]},{"id":172,"url":"https:\/\/inadi.gob.hn\/sitio\/capacitaciones\/","url_meta":{"origin":66,"position":5},"title":"CAPACITACIONES","author":"admin","date":"30 mayo, 2017","format":false,"excerpt":"\u00a0 La DESINFORMACI\u00d3N es una de las principales causas de la #diabetes y otras enfermedades. Bajo lineamientos del Presidente Juan Orlando Hern\u00e1ndez y la Directora del Instituto, la Dra. Johana Bermudez , damos voz a nuestros pacientes para que expongan sus dudas acerca de la enfermedad y otras complicaciones para\u2026","rel":"","context":"Entrada similar","block_context":{"text":"Entrada similar","link":""},"img":{"alt_text":"","src":"https:\/\/i0.wp.com\/inadi.gob.hn\/sitio\/wp-content\/uploads\/2017\/05\/Imagen1-300x237.jpg?resize=350%2C200","width":350,"height":200},"classes":[]}],"_links":{"self":[{"href":"https:\/\/inadi.gob.hn\/sitio\/wp-json\/wp\/v2\/pages\/66","targetHints":{"allow":["GET"]}}],"collection":[{"href":"https:\/\/inadi.gob.hn\/sitio\/wp-json\/wp\/v2\/pages"}],"about":[{"href":"https:\/\/inadi.gob.hn\/sitio\/wp-json\/wp\/v2\/types\/page"}],"author":[{"embeddable":true,"href":"https:\/\/inadi.gob.hn\/sitio\/wp-json\/wp\/v2\/users\/1"}],"replies":[{"embeddable":true,"href":"https:\/\/inadi.gob.hn\/sitio\/wp-json\/wp\/v2\/comments?post=66"}],"version-history":[{"count":9,"href":"https:\/\/inadi.gob.hn\/sitio\/wp-json\/wp\/v2\/pages\/66\/revisions"}],"predecessor-version":[{"id":2795,"href":"https:\/\/inadi.gob.hn\/sitio\/wp-json\/wp\/v2\/pages\/66\/revisions\/2795"}],"wp:attachment":[{"href":"https:\/\/inadi.gob.hn\/sitio\/wp-json\/wp\/v2\/media?parent=66"}],"curies":[{"name":"wp","href":"https:\/\/api.w.org\/{rel}","templated":true}]}}